{"id":11,"date":"2025-11-17T13:18:35","date_gmt":"2025-11-17T13:18:35","guid":{"rendered":"https:\/\/amzobvioagency.com\/?page_id=11"},"modified":"2025-11-17T14:03:20","modified_gmt":"2025-11-17T14:03:20","slug":"a-propos","status":"publish","type":"page","link":"https:\/\/amzobvioagency.com\/?page_id=11","title":{"rendered":"\u00c0 propos"},"content":{"rendered":"\n<section style=\"padding:60px 20px; max-width:1200px; margin:auto; font-family:Arial; line-height:1.6;\">\n\n    <h1 style=\"font-size:42px; font-weight:800; margin-bottom:20px;\">\u00c0 propos de nous<\/h1>\n\n    <p style=\"font-size:18px; margin-bottom:30px;\">\n        Nous sommes une agence sp\u00e9cialis\u00e9e dans l\u2019accompagnement des marques sur Amazon.  \n        Bas\u00e9s au <strong>Panama<\/strong>, nous aidons les entreprises d\u2019Am\u00e9rique latine, d\u2019Am\u00e9rique du Nord et d\u2019Europe \n        \u00e0 d\u00e9velopper leurs ventes gr\u00e2ce \u00e0 des strat\u00e9gies professionnelles, transparentes et orient\u00e9es donn\u00e9es.\n    <\/p>\n\n    <h2 style=\"font-size:32px; font-weight:700; margin-top:40px;\">Notre mission<\/h2>\n    <p style=\"font-size:17px;\">\n        Notre objectif est simple : permettre aux marques de performer durablement sur Amazon, en r\u00e9duisant la complexit\u00e9 \n        du marketplace et en maximisant la rentabilit\u00e9.  \n        Nous combinons expertise op\u00e9rationnelle, analyse avanc\u00e9e et accompagnement humain pour obtenir des r\u00e9sultats mesurables.\n    <\/p>\n\n    <h2 style=\"font-size:32px; font-weight:700; margin-top:40px;\">Pourquoi notre agence ?<\/h2>\n    <ul style=\"font-size:17px; margin-left:20px;\">\n        <li>\u2714 Expertise compl\u00e8te Amazon (SEO, contenu, PPC, gestion catalogue)<\/li>\n        <li>\u2714 Exp\u00e9rience avec des vendeurs FBA, FBM et hybrides<\/li>\n        <li>\u2714 Reporting clair et orient\u00e9 performance<\/li>\n        <li>\u2714 Gestion multilingue (FR \/ EN \/ ES)<\/li>\n        <li>\u2714 Flexibilit\u00e9 et r\u00e9activit\u00e9 gr\u00e2ce \u00e0 une structure agile<\/li>\n    <\/ul>\n\n    <h2 style=\"font-size:32px; font-weight:700; margin-top:40px;\">Notre histoire<\/h2>\n    <p style=\"font-size:17px;\">\n        L\u2019agence est n\u00e9e d\u2019un besoin \u00e9vident : aider les marques \u00e0 naviguer dans l\u2019\u00e9cosyst\u00e8me Amazon,\n        souvent complexe et en constante \u00e9volution.  \n        Au fil des ann\u00e9es, nous avons accompagn\u00e9 des dizaines de vendeurs dans la croissance de leur business,\n        l\u2019optimisation de leurs campagnes PPC et l\u2019am\u00e9lioration de la performance globale de leurs comptes.\n    <\/p>\n\n    <h2 style=\"font-size:32px; font-weight:700; margin-top:40px;\">Nos valeurs<\/h2>\n    <ul style=\"font-size:17px; margin-left:20px;\">\n        <li>\ud83e\udd1d Transparence totale dans les donn\u00e9es et les d\u00e9cisions<\/li>\n        <li>\ud83d\udcc8 Performance mesurable avant tout<\/li>\n        <li>\u26a1 R\u00e9activit\u00e9 et communication fluide<\/li>\n        <li>\ud83c\udfaf Strat\u00e9gies adapt\u00e9es \u00e0 chaque marque<\/li>\n    <\/ul>\n\n    <h2 style=\"font-size:32px; font-weight:700; margin-top:40px;\">Notre localisation<\/h2>\n    <p style=\"font-size:17px;\">\n        \ud83d\udccd <strong>Bas\u00e9s \u00e0 Panama City, Panama<\/strong>  \n        Nous travaillons avec des vendeurs dans toute l\u2019Am\u00e9rique latine, les \u00c9tats-Unis, le Canada et l\u2019Europe.\n    <\/p>\n\n    <div style=\"margin-top:60px; background:#F7F9FC; padding:30px; border-radius:10px;\">\n        <h2 style=\"font-size:28px; font-weight:700; margin-bottom:10px;\">Besoin d\u2019un accompagnement Amazon s\u00e9rieux ?<\/h2>\n        <p style=\"font-size:17px; margin-bottom:20px;\">\n            Nous serions ravis de discuter de vos objectifs et de voir comment nous pouvons vous aider \u00e0 les atteindre.\n        <\/p>\n        <a href=\"\/contact\" style=\"background:#2E7DFF; padding:15px 30px; color:white; text-decoration:none; font-size:18px; border-radius:8px;\">\n            Parler avec un expert Amazon\n        <\/a>\n    <\/div>\n\n<\/section>\n\n","protected":false},"excerpt":{"rendered":"<p>\u00c0 propos de nous Nous sommes une agence sp\u00e9cialis\u00e9e dans l\u2019accompagnement des marques sur Amazon. Bas\u00e9s au Panama, nous aidons les entreprises d\u2019Am\u00e9rique latine, d\u2019Am\u00e9rique du Nord et d\u2019Europe \u00e0 d\u00e9velopper leurs ventes gr\u00e2ce \u00e0 des strat\u00e9gies professionnelles, transparentes et orient\u00e9es donn\u00e9es. Notre mission Notre objectif est simple : permettre aux marques de performer durablement&#8230;<\/p>\n","protected":false},"author":1,"featured_media":0,"parent":0,"menu_order":0,"comment_status":"closed","ping_status":"closed","template":"","meta":{"_kad_post_transparent":"","_kad_post_title":"","_kad_post_layout":"","_kad_post_sidebar_id":"","_kad_post_content_style":"","_kad_post_vertical_padding":"","_kad_post_feature":"","_kad_post_feature_position":"","_kad_post_header":false,"_kad_post_footer":false,"_kad_post_classname":"","footnotes":""},"class_list":["post-11","page","type-page","status-publish","hentry"],"_hostinger_reach_plugin_has_subscription_block":false,"_hostinger_reach_plugin_is_elementor":false,"_links":{"self":[{"href":"https:\/\/amzobvioagency.com\/index.php?rest_route=\/wp\/v2\/pages\/11","targetHints":{"allow":["GET"]}}],"collection":[{"href":"https:\/\/amzobvioagency.com\/index.php?rest_route=\/wp\/v2\/pages"}],"about":[{"href":"https:\/\/amzobvioagency.com\/index.php?rest_route=\/wp\/v2\/types\/page"}],"author":[{"embeddable":true,"href":"https:\/\/amzobvioagency.com\/index.php?rest_route=\/wp\/v2\/users\/1"}],"replies":[{"embeddable":true,"href":"https:\/\/amzobvioagency.com\/index.php?rest_route=%2Fwp%2Fv2%2Fcomments&post=11"}],"version-history":[{"count":2,"href":"https:\/\/amzobvioagency.com\/index.php?rest_route=\/wp\/v2\/pages\/11\/revisions"}],"predecessor-version":[{"id":29,"href":"https:\/\/amzobvioagency.com\/index.php?rest_route=\/wp\/v2\/pages\/11\/revisions\/29"}],"wp:attachment":[{"href":"https:\/\/amzobvioagency.com\/index.php?rest_route=%2Fwp%2Fv2%2Fmedia&parent=11"}],"curies":[{"name":"wp","href":"https:\/\/api.w.org\/{rel}","templated":true}]}}